e the prime factors of 82153?
82153
What are the prime factors of 218?
2, 109
What are the prime factors of 11909?
11909
List the prime factors of 14739.
3, 17
What are the prime factors of 2007?
3, 223
List the prime factors of 34755.
3, 5, 7, 331
What are the prime factors of 10124?
2, 2531
List the prime factors of 3091.
11, 281
List the prime factors of 9619.
9619
What are the prime factors of 13923?
3, 7, 13, 17
What are the prime factors of 1465?
5, 293
What are the prime factors of 2316?
2, 3, 193
What are the prime factors of 29689?
11, 2699
What are the prime factors of 478?
2, 239
What are the prime factors of 1136?
2, 71
List the prime factors of 30306.
2, 3, 5051
What are the prime factors of 169?
13
What are the prime factors of 801?
3, 89
List the prime factors of 2919.
3, 7, 139
List the prime factors of 1240.
2, 5, 31
List the prime factors of 43794.
2, 3, 811
What are the prime factors of 19062?
2, 3, 353
What are the prime factors of 2188?
2, 547
List the prime factors of 8962.
2, 4481
What are the prime factors of 1037?
17, 61
What are the prime factors of 3667?
19, 193
What are the prime factors of 4329?
3, 13, 37
What are the prime factors of 12081?
3, 4027
List the prime factors of 6939.
3, 257
List the prime factors of 5451.
3, 23, 79
List the prime factors of 36704.
2, 31, 37
What are the prime factors of 41541?
3, 61, 227
What are the prime factors of 3300?
2, 3, 5, 11
List the prime factors of 950.
2, 5, 19
What are the prime factors of 4623?
3, 23, 67
What are the prime factors of 7421?
41, 181
What are the prime factors of 14107?
14107
What are the prime factors of 18622?
2, 9311
List the prime factors of 1300.
2, 5, 13
What are the prime factors of 6414?
2, 3, 1069
What are the prime factors of 458?
2, 229
List the prime factors of 4251.
3, 13, 109
List the prime factors of 5437.
5437
List the prime factors of 702.
2, 3, 13
List the prime factors of 5636.
2, 1409
What are the prime factors of 5405?
5, 23, 47
What are the prime factors of 4418?
2, 47
List the prime factors of 1522.
2, 761
List the prime factors of 3520.
2, 5, 11
What are the prime factors of 18994?
2, 9497
What are the prime factors of 15976?
2, 1997
List the prime factors of 27007.
113, 239
What are the prime factors of 56859?
3, 11, 1723
What are the prime factors of 23887?
23887
List the prime factors of 3312.
2, 3, 23
What are the prime factors of 4603?
4603
List the prime factors of 10422.
2, 3, 193
What are the prime factors of 145147?
173, 839
List the prime factors of 22084.
2, 5521
What are the prime factors of 85?
5, 17
List the prime factors of 4216.
2, 17, 31
List the prime factors of 16121.
7, 47
List the prime factors of 3934.
2, 7, 281
List the prime factors of 55643.
7, 7949
What are the prime factors of 18?
2, 3
List the prime factors of 677.
677
What are the prime factors of 9167?
89, 103
List the prime factors of 17113.
109, 157
What are the prime factors of 29413?
67, 439
List the prime factors of 59355.
3, 5, 1319
List the prime factors of 10.
2, 5
List the prime factors of 6920.
2, 5, 173
What are the prime factors of 50852?
2, 12713
What are the prime factors of 4499?
11, 409
List the prime factors of 9125.
5, 73
List the prime factors of 24901.
37, 673
List the prime factors of 31478.
2, 15739
What are the prime factors of 380?
2, 5, 19
List the prime factors of 243.
3
List the prime factors of 128733.
3, 11, 47, 83
What are the prime factors of 290?
2, 5, 29
List the prime factors of 593.
593
What are the prime factors of 142?
2, 71
List the prime factors of 1656.
2, 3, 23
List the prime factors of 45800.
2, 5, 229
What are the prime factors of 143566?
2, 23, 3121
What are the prime factors of 69314?
2, 7, 4951
List the prime factors of 73189.
73189
List the prime factors of 32590.
2, 5, 3259
What are the prime factors of 31?
31
List the prime factors of 694.
2, 347
List the prime factors of 5889.
3, 13, 151
What are the prime factors of 166124?
2, 7, 17, 349
List the prime factors of 703.
19, 37
What are the prime factors of 21992?
2, 2749
List the prime factors of 4886.
2, 7, 349
What are the prime factors of 1134?
2, 3, 7
What are the prime factors of 538?
2, 269
List the prime factors of 1208.
2, 151
List the prime factors of 11972.
2, 41, 73
List the prime factors of 41087.
181, 227
What are the prime factors of 30878?
2, 15439
What are the prime factors of 1027?
13, 79
List the prime factors of 646.
2, 17, 19
List the prime factors of 1188.
2, 3, 11
What are the prime factors of 892?
2, 223
What are the prime factors of 2330?
2, 5, 233
List the prime factors of 22062.
2, 3, 3677
What are the prime factors of 26100?
2, 3, 5, 29
What are the prime factors of 4688?
2, 293
What are the prime factors of 9949?
9949
What are the prime factors of 71790?
2, 3, 5, 2393
What are the prime factors of 12?
2, 3
List the prime factors of 13403.
13, 1031
List the prime factors of 671.
11, 61
List the prime factors of 13026.
2, 3, 13, 167
List the prime factors of 1878.
2, 3, 313
List the prime factors of 823.
823
What are the prime factors of 3516?
2, 3, 293
List the prime factors of 24552.
2, 3, 11, 31
List the prime factors of 7198.
2, 59, 61
What are the prime factors of 42291?
3, 37, 127
List the prime factors of 25063.
71, 353
What are the prime factors of 47965?
5, 53, 181
What are the prime factors of 504?
2, 3, 7
List the prime factors of 8017.
8017
List the prime factors of 34320.
2, 3, 5, 11, 13
List the prime factors of 1228.
2, 307
What are the prime factors of 74735?
5, 14947
What are the prime factors of 467?
467
What are the prime factors of 12073?
12073
List the prime factors of 1432.
2, 179
List the prime factors of 81039.
3, 7, 17, 227
List the prime factors of 5233.
5233
What are the prime factors of 3726?
2, 3, 23
List the prime factors of 390.
2, 3, 5, 13
What are the prime factors of 5923?
5923
What are the prime factors of 72186?
2, 3, 53, 227
What are the prime factors of 20?
2, 5
List the prime factors of 3596.
2, 29, 31
List the prime factors of 23677.
23677
List the prime factors of 11814.
2, 3, 11, 179
What are the prime factors of 10150?
2, 5, 7, 29
List the prime factors of 1762.
2, 881
List the prime factors of 2393.
2393
List the prime factors of 7642.
2, 3821
List the prime factors of 82822.
2, 41411
List the prime factors of 49060.
2, 5, 11, 223
List the prime factors of 1371.
3, 457
What are the prime factors of 8025?
3, 5, 107
List the prime factors of 2756.
2, 13, 53
List the prime factors of 8400.
2, 3, 5, 7
List the prime factors of 66676.
2, 79, 211
List the prime factors of 5137.
11, 467
What are the prime factors of 815?
5, 163
What are the prime factors of 2086?
2, 7, 149
List the prime factors of 6274.
2, 3137
What are the prime factors of 38235?
3, 5, 2549
What are the prime factors of 94714?
2, 23, 29, 71
What are the prime factors of 11587?
11587
List the prime factors of 24700.
2, 5, 13, 19
What are the prime factors of 3497?
13, 269
List the prime factors of 8480.
2, 5, 53
List the prime factors of 170742.
2, 3, 11, 13, 199
What are the prime factors of 727?
727
List the prime factors of 23071.
23071
What are the prime factors of 7948?
2, 1987
What are the prime factors of 157374?
2, 3, 7, 1249
List the prime factors of 885.
3, 5, 59
What are the prime factors of 1089?
3, 11
List the prime factors of 53972.
2, 103, 131
What are the prime factors of 15192?
2, 3, 211
What are the prime factors of 1542?
2, 3, 257
What are the prime factors of 1882?
2, 941
List the prime factors of 33320.
2, 5, 7, 17
List the prime factors of 683.
683
List the prime factors of 24497.
11, 17, 131
What are the prime factors of 2967?
3, 23, 43
List the prime factors of 34384.
2, 7, 307
What are the prime factors of 1075?
5, 43
What are the prime factors of 6606?
2, 3, 367
List the prime factors of 55815.
3, 5, 61
List the prime factors of 23705.
5, 11, 431
What are the prime factors of 924?
2, 3, 7, 11
List the prime factors of 91725.
3, 5, 1223
What are the prime factors of 742?
2, 7, 53
List the prime factors of 22936.
2, 47, 61
List the prime factors of 1915.
5, 383
What are the prime factors of 16538?
2, 8269
What are the prime factors of 7376?
2, 461
What are the prime factors of 1701?
3, 7
What are 